 40 a factor of w(-2)?
False
Suppose 11 = p + 5*x, 159 = 5*p + 3*x - 4*x. Suppose -279 = -3*j + o, -3*o = 3*j - p - 248. Does 7 divide j?
False
Let t = -89 + 77. Is (t - 7)/((-1)/4) a multiple of 14?
False
Suppose 4*u + u = 30. Let c(x) = 25*x + 2. Let b be c(u). Suppose b = 3*z - r, -3*z = -4*r - 157 + 17. Is z a multiple of 15?
False
Let r(b) be the second derivative of -b**5/20 - 11*b**4/12 + 7*b**3/6 - 6*b**2 - 4*b. Does 24 divide r(-12)?
True
Does 14 divide 492/9 + 24/18?
True
Suppose -2*q - 10*a + 13*a = -15, -2*a + 6 = 0. Does 12 divide q?
True
Let v(k) = 2*k**2 - 93*k + 43. Is v(47) a multiple of 2?
True
Suppose -3*p - 5*y + 2714 = 0, -131 = p - 5*y - 1069. Is p a multiple of 83?
True
Suppose -5*r - 8*w + 4928 = -10*w, -2*r = w - 1973. Is r a multiple of 58?
True
Suppose -2*p = -147 - 5. Is p a multiple of 20?
False
Suppose -14*t - 1761 + 235 = 0. Let o = t - -223. Does 57 divide o?
True
Let q(w) = 3*w**2 + 2*w - 1. Let u be q(1). Suppose u*h = 2*h. Suppose -n + 21 + 45 = h. Does 33 divide n?
True
Let o(t) = -7*t + 25. Let w be o(4). Is (3 + -2)/(w - (-388)/128) a multiple of 3?
False
Let a = -434 - -874. Is 44 a factor of a?
True
Let u be 4/1*10/(-40). Let r be (-1)/u + (-4 - 11). Is (-214)/(-14) - (-4)/r a multiple of 7?
False
Let t be ((-68)/(-6))/((-4)/(-78)). Suppose 74 = i + 5*l, 4*i + 0*l + 5*l - t = 0. Is i a multiple of 6?
False
Let v(z) = -z**3 - 10*z**2 + z + 13. Let a be v(-10). Suppose -2*y + 24 = a*g - 7, 4*g = -4*y + 60. Is y a multiple of 7?
True
Suppose -1456 = 5*u - 7*u. Is u a multiple of 28?
True
Is (340/102)/((-10)/(-48)) a multiple of 6?
False
Suppose o = 4*j - 3*j + 110, -2*j - 220 = -o. Let t = -66 - j. Does 11 divide t?
True
Let h(d) = 533*d + 94. Does 29 divide h(2)?
True
Let w(y) = 6*y**3 + 5*y**2 + 6*y + 8. Let f(x) = 11*x**3 + 11*x**2 + 11*x + 17. Let l(g) = -4*f(g) + 7*w(g). Is l(-6) a multiple of 17?
False
Suppose 3*w - 4*d = -42, 2*w + 7 = d - 16. Let z be -16*((-6)/(-4) + 0). Let h = w - z. Does 7 divide h?
True
Let r(w) = 2*w**3 - 4*w**2 + 2*w. Let g be r(2). Suppose 2*z - 28 = -2*h, 5*h - g*z - 21 = 2*h. Suppose -h*q + 8*q = -372. Is q a multiple of 39?
False
Suppose 5*v = -x + 4*x - 64, -2*v + 3*x = 31. Let o = v + 12. Does 30 divide (-5 + 8)*(9 + o)?
True
Let n(v) = 581*v + 197. Is n(5) a multiple of 24?
False
Suppose -2*q + 18 = -5*a + 6, 5*a + 15 = 5*q. Let n(w) = -2*w**3 + w**2 - 3*w - 2. Is 12 a factor of n(a)?
True
Let l be (-2)/(-3) + 714/9. Suppose -6*g - l = -4*g. Is g/25*30/(-4) a multiple of 4?
True
Let g = -84 - -281. Is 2 a factor of g?
False
Let z be -1*2 - (-1)/((-2)/92). Let l = z - -134. Is l a multiple of 9?
False
Let s(z) = -47*z + 4*z**2 - 5 - 2*z**3 + 1 + 45*z. Is s(-2) a multiple of 8?
True
Suppose 5*g + 5*p = 45, 2*g - 5*p - 11 + 0 = 0. Let i = -8 + g. Suppose 2*d - 4*n - 84 = i, -2*d + 51 + 43 = n. Does 25 divide d?
False
Suppose -715 = -2*m + 511. Is m a multiple of 52?
False
Suppose -6*y = -4*y + 4*y. Suppose -2*p + 3*n + 23 = 0, -2*n + 6*n - 4 = y. Is 13 a factor of p?
True
Let g(z) = z**2 + 9*z. Let i be g(-9). Is 35 a factor of (-4 + i + 1)/(36/(-840))?
True
Let o(p) = 5*p**2 - 3*p - 7. Let d be o(-13). Suppose 5*a = -2*h + 441, h + 3*h + 5*a - d = 0. Is 15 a factor of h?
False
Suppose 2*r = 2*i + 4, 4*r - 5*i + 1 = 4. Suppose 4*w + 4*h = 284, 0 = 5*w - 3*h + r*h - 356. Does 19 divide w?
False
Let z be 0/(-2 + 0) - (28 + -4). Let c = z - -46. Is 3 a factor of c?
False
Suppose 4*c - 4 = 0, 0*f + 2*f = -2*c + 156. Let n = 34 - f. Let r = n - -83. Is 8 a factor of r?
True
Let y(t) = 27*t**2 - 8*t + 4. Let m be y(-6). Does 22 divide (3/2)/(12/m)?
False
Let g be (10 - 12) + 3*1. Suppose -j + g = -5. Is j a multiple of 4?
False
Let i = -10 - -16. Let k = 0 + i. Suppose 2*a = k*a - 120. Is a a multiple of 8?
False
Is ((-9)/2)/(6*14/(-7504)) a multiple of 12?
False
Let t(n) = 155*n**2 + n**3 - 3 - 4 - 162*n**2 + 2*n. Is 4 a factor of t(8)?
False
Suppose -36663 - 7359 = -23*g. Does 66 divide g?
True
Let q = -1084 - -1684. Does 20 divide q?
True
Let g be -1 + -2 + 42/14. Suppose -36*r + 32*r + 1304 = g. Does 49 divide r?
False
Is 67 a factor of (-2 + -61)/(-9) - -186?
False
Let m be (-2)/3 - 40/(-9)*15. Is 2*(1 + m/2) a multiple of 17?
True
Let c(n) = n**2 + 4*n - 5. Let a be c(-5). Suppose w - 3*o - 76 - 54 = a, 0 = -o - 5. Does 10 divide w?
False
Let p = 371 + -274. Is 22 a factor of p?
False
Suppose 0 = 6*o + 805 + 209. Let p = 68 - o. Is p a multiple of 11?
False
Let t = -7 + 22. Let x be 6/t - 212/(-20). Let i = 32 - x. Is 13 a factor of i?
False
Let r(k) = -k**3 - 11*k**2 + 2. Let z be r(-11). Suppose 4*j - 204 = -z*j. Is j a multiple of 17?
True
Let y = 40 - 29. Suppose 36 = y*w - 393. Does 13 divide w?
True
Let o = -615 + 984. Does 15 divide o?
False
Let d(j) = 2*j**2 + 7. Does 2 divide d(3)?
False
Let h(r) = -27*r - 36. Let l be h(-3). Let a = 189 - l. Does 24 divide a?
True
Let y be 140/6 + 6/9. Let a(b) = -b - 8. Let z be a(-3). Let n = y - z. Is n a multiple of 13?
False
Suppose 376 = 2*l + 4*w, 3*l + 0*w - 561 = -3*w. Is 32 a factor of l?
False
Suppose 3*h + 5 = -a + 67, 66 = 4*h - 2*a. Is 24 a factor of -2*(-5*h)/5?
False
Suppose -3*w = 2*w + 335. Is w/(-1*(1 - 0)) a multiple of 11?
False
Let b be 2/6 + (-78)/(-9). Let f = 7 + -7. Suppose f = i - 21 + b. Is 6 a factor of i?
True
Is 18 a factor of (-21)/(21/(-1586)) - (1 - -1)?
True
Let n = -8 - -11. Suppose -9 - 9 = -a. Suppose 3*s - a = n*h + 15, 2*h = 4*s - 34. Does 2 divide s?
True
Let c(m) = 10*m**2 - 5*m + 4. Let k(d) = -19*d**2 + 10*d - 8. Let q(n) = 5*c(n) + 3*k(n). Let h be q(3). Let w = -34 - h. Is 7 a factor of w?
False
Let q(o) = -3*o**3 - 12*o**2 - 15*o + 2. Let c(f) = -f**3 - 4*f**2 - 5*f + 1. Let s(g) = -8*c(g) + 3*q(g). Suppose -5*v + 4*v - 5 = 0. Is 16 a factor of s(v)?
True
Suppose -y = 4*g - 13, g - y + 2 + 1 = 0. Suppose g*x - x = 25. Suppose -x = -2*f + 9. Is f a multiple of 17?
True
Let m = 5 + -3. Suppose u = -4*i + 610, -u - 5*i + m*i = -607. Does 23 divide ((-6)/4)/((-39)/u)?
True
Let h = -131 + 199. Suppose v + h = 5*v. Suppose 2*c - v - 51 = 0. Does 34 divide c?
True
Suppose -14*s + 32 = -15*s. Let i(p) = p**2 - 4*p + 4. Let k be i(6). Let b = k - s. Is 20 a factor of b?
False
Suppose 5*h - 211 = -5*x - 46, -h + 2*x = -45. Is 7 a factor of h?
False
Let h(f) = -2*f**2 - 6*f - 5. Let x be h(-5). Is (x - -1)/((-9)/4 - -2) a multiple of 14?
False
Let b(s) = -s + 6. Let r be b(5). Let j = r - -2. Suppose 2*u + 49 = j*c + u, -4*u + 110 = 5*c. Does 5 divide c?
False
Suppose -2*a - 10 = -3*h - 3*a, 0 = -5*h - 3*a + 22. Is (-10*h + 1)*-2 a multiple of 29?
False
Suppose -3 - 17 = -4*b. Let h be (4 + -2)/(b/95). Does 14 divide (h/(-12))/(3/(-18))?
False
Let i = 162 + -101. Suppose 3*z = 316 - i. Does 17 divide z?
True
Let q(b) = -b**2 + 68*b + 227. Does 14 divide q(39)?
True
Suppose -j = -3*v + 22, 0*v + 3*v - 2*j - 20 = 0. Let b = v - 5. Suppose 0 = -s - 5*t + 7 + 21, -b*s + 42 = t. Is 13 a factor of s?
True
Suppose 2*r - 1 = 7. Suppose -2*j = -r*m + 166, -2*j = -0*j + 10. Is m a multiple of 16?
False
Let k = 846 + -738. Is 54 a factor of k?
True
Let y = -217 - -245. Is y a multiple of 14?
True
Let j be (3 + -3)*(-2)/4. Suppose 4*t + 2*b - 6*b = -28, t - 2*b + 12 = j. Does 10 divide ((-15)/t)/((-42)/(-112))?
True
Let g(z) = 9*z + 323. Is g(-19) a multiple of 20?
False
Let d(f) = 3*f - 8. Let o be d(4). Let y(u) = 1 - 2 + 3 - o - 71*u. Is y(-1) a multiple of 27?
False
Suppose -4*p = -2*p - 182. Let n = p + -82. Does 4 divide n?
False
Suppose 13*i - 1932 = 11*i - p, 1932 = 2*i - p. Does 23 divide i?
True
Let x(r) = 2*r + 24. Let m be x(-10). Is (16 - (m + -4))/2 a multiple of 6?
False
Suppose -10 = -5*p + 2*c, -4*p + 1 = -0*p - 3*c. Let b be 3/6 + (-342)/(-4). Suppose 3*g - 61 = -0*g + p*s, -3*g - s = -b. Is g a multiple of 11?
False
Suppose -5*y + 4*i + 12 = -y, -5*y - 2*i + 8 = 0. Suppose n - y*n = -5*g - 50, 76 = 2*n - 4*g. Is n a multiple of 15?
True
Let w = -1459 + 1811. Does 8 divide w?
True
Suppose -u + 3*h + 154 = 0, 22*u = 21*u - 2*h + 169. Is 3 a factor of u?
False
Suppose -30 = -10*z + 5*z. Let i = 18 + z. Does 12 divide i?
True
Does 19 divide 3/(135/6) + (-25064)/(-120)?
True
Suppose -12 = 4*q + 4. Let h be -2 - (3 + q - 21). Suppose 0 = -r, -w - r + h = -4*r. Does 5 divide w?
True
Let l